ppose -51*t = -50*t + 81. Let q = t - -85. Calculate h(q).
0
Suppose 8*b + 48 = 11*b. Let r be 32/6*(-84)/b. Let f be ((-2)/4)/((-14)/r). Let s(g) = 3*g**3 + g**2 + 2*g + 1. Calculate s(f).
-3
Let v(g) = 4*g - 2. Let k(h) be the second derivative of -h**3/2 + h**2/2 - 4*h. Let n(z) = 7*k(z) + 5*v(z). Determine n(6).
-9
Let u(c) = -6*c**2 - 2*c + 2. Suppose -v - 5*l = 24, 4*v - 2 = -5*l - 23. Give u(v).
-6
Let o(k) = -12*k**3 + 22*k**2 - 5*k - 15. Let u(w) = 17*w**3 - 33*w**2 + 7*w + 22. Let t(a) = 7*o(a) + 5*u(a). Calculate t(11).
5
Let v be (-57)/21 + (-6)/21. Let f be (4 - (2 + -3)) + v. Let k(d) = 9 - 2 - 4*d**2 - 9 - f*d**3 + d**3 - 3*d. Give k(-3).
-2
Let j be (41/492)/(11/396). Let p(a) be the third derivative of 1/12*a**4 + 1/3*a**3 - a**2 + 0*a - 1/60*a**5 + 0. Calculate p(j).
-1
Let n(h) = -19074*h + 19074*h + 2 + 6*h**2 + h**3. Give n(-6).
2
Let w(c) be the third derivative of -7/60*c**5 + 0*c + 0 + 0*c**3 + 1/120*c**6 - 1/24*c**4 - 26*c**2. What is w(7)?
-7
Suppose -2*y = 3*y + 5. Let x(m) = m**3 + 7*m**2 + 6*m + 1. Let c be x(-6). Let l(v) = c - 2*v - 3*v - 2*v + v. What is l(y)?
7
Let l(o) = o**3 + 10*o**2 + 8*o - 7. Let i be l(-9). Let s(v) = 4*v - 4*v - 3*v - v**i + v - 4. Determine s(-3).
-7
Let a(f) = 13 - 12*f + 0*f**3 - 10*f**2 + 3*f**2 - 5*f**3 - 2 + 6*f**3. Calculate a(8).
-21
Let m(f) = f**2 + 27 + 26 + 9*f - 2*f**2 - 66. Determine m(7).
1
Let f(c) = -c + 10. Let n be f(7). Let y(w) = 4*w + 18*w**n - 4 + 1 - 19*w**3. Give y(2).
-3
Let z(w) = 0 + 0*w + 2*w**3 + 4*w + 1 - 2*w - 18*w**3. Determine z(-1).
15
Let j(s) be the third derivative of s**7/420 + s**6/180 - s**5/60 - s**4/12 + 10*s**3/3 - s**2. Let x(a) be the first derivative of j(a). Determine x(-2).
-6
Suppose -22 = -4*x + 18. Suppose -4*i + 44 = 4*a, 2*a + i - 2*i = x. Let h(v) = v**2 - 6*v - 6. Calculate h(a).
1
Suppose -109 = -5*n - 34. Let o be (28/(-4) - -6)/(4/80). Let b = n + o. Let s(z) = -z**3 - 6*z**2 - 4*z + 5. Give s(b).
0
Let l(h) = h**2 - 9*h + 5. Suppose 72*k - 15 - 633 = 0. Give l(k).
5
Let k(b) = -8*b**3 - b**2 - 4. Let j(y) = -9*y**3 - y**2 - 5. Let i(r) = 5*j(r) - 6*k(r). What is i(1)?
3
Suppose 2*a - 3*d + 11 = 0, 13 = -a + 4*d - 5. Let y(f) = 15 + 4 - 13 + a*f. Determine y(-6).
-6
Let z(o) = -o**3 - 6*o**2 + 10*o + 4. Suppose -28 = 115*p - 111*p. Calculate z(p).
-17
Let b(c) = -c - 8*c - 2*c + 9*c + 4. Give b(5).
-6
Let g(j) = -2*j - 13. Let t(o) = -o - 7. Let r(s) = 3*g(s) - 5*t(s). Let h be r(-1). Let l(n) = 4*n - 2. Calculate l(h).
-14
Let u(o) = -3*o + 4. Let k = 29 + -25. Suppose k = 2*v - 8. Calculate u(v).
-14
Let t = -118 - -162. Let m(z) = -z - t + 14 + 25. What is m(6)?
-11
Let a(k) = -k - 8. Let n be a(-8). Suppose 9*m - 5*m = n. Let w be m*3/(-12) - 2. Let j(u) = u**3 + 2*u**2 + 1. Determine j(w).
1
Let x(j) = -j + 7. Let l(h) = 1. Let d(b) = -b - 21. Let k be (-1)/(1/(-3)) - 19. Let f be d(k). Let y(w) = f*l(w) + x(w). Calculate y(4).
-2
Let r(c) = -9*c**2 + 37*c - 11. Let b(t) = 5*t**2 - 19*t + 5. Let d(o) = 5*b(o) + 3*r(o). Give d(6).
16
Let k(o) be the third derivative of -17*o**2 + 0 - 5/12*o**4 + 0*o + 0*o**3. Calculate k(1).
-10
Let z(i) = i**2 + 8*i + 3. Let c(y) = y**2 - y. Let b(q) = -2*q**2 + 22*q + 6. Let t(n) = b(n) + 5*c(n). Let r(d) = 2*t(d) - 5*z(d). Determine r(7).
4
Let u(g) = 2*g - 17. Let z(w) = 6*w - 48. Let v(j) = 8*u(j) - 3*z(j). Let x = -14 - -21. What is v(x)?
-6
Let l be 9/(-12)*(-28368)/108. Let w = 457 + -258. Let o(z) = l + z + 0*z - w. Give o(-4).
-6
Let x(a) be the first derivative of 3*a**2/2 + 2*a + 202. Give x(-3).
-7
Let v be (-442)/(-117) + 4/18. Suppose -15 = -3*c - 4*f + 2*f, 2*f = -v*c + 22. Let x(b) = b**2 - 4*b - 9. Determine x(c).
12
Let g(y) = -1 + 10*y**2 - y + 0*y - 23*y**2 + 14*y**2. Let d = -6 + 8. Determine g(d).
1
Suppose m + 0 = r - 7, -3*r = 4*m. Let v(t) be the first derivative of -t**4/4 + 5*t**3/3 - 3*t**2/2 + 4*t + 7. Calculate v(r).
8
Let o(q) = -3*q**2 - 5*q + 26. Let a(b) = -b - 4. Let l(d) = 5*a(d) + o(d). Calculate l(-4).
-2
Let n(a) = -a + 6. Let z = -17 + 12. Let p be (-14)/z + 9/45. Suppose p*x + 30 = -3*x. Give n(x).
11
Suppose 0 = -38*t + 37*t + 6. Let g be (-18)/(-48)*(-4)/t*-8. Let x(y) = -y**3 + 4*y**2 - 4*y + 3. Give x(g).
3
Let y(p) = -34*p - 1094. Let i be y(-32). Let m(h) = -7*h - 5 - 3 - 7*h**2 - 4*h**3 + 3*h**3. Calculate m(i).
-2
Let i(o) = -o - 13 - 12 + 10 - 5 + 2*o. Determine i(21).
1
Let l(r) = 9*r**3 + r**2 - 1. Let i be 4*11/14 + (-14)/98. Suppose -i*q = -2*s - 3, 0 = -q - 2*q - s - 6. Give l(q).
-9
Let s(o) = 3*o + 25. Let d be 18/5*(-15)/6. Let y be s(d). Let m(b) = 5*b**2 - 4. Let k(j) = 16*j**2 + j - 13. Let c(v) = 2*k(v) - 7*m(v). What is c(y)?
-14
Let r = 7 + -5. Let y(m) = 14 - 6*m - 15 + m + 2. Determine y(r).
-9
Let k(a) be the first derivative of 1/4*a**4 + 14 - 2*a + 5/3*a**3 - 1/2*a**2. Give k(-3).
19
Let m = 3 - 0. Let c(w) = -4*w + 4 - 4*w**3 + m*w - 5*w**2 - w**2 + 5*w**3. Suppose -3*g + 10 = 2*s, g + 2*s - 22 = -4*g. What is c(g)?
-2
Let b(x) be the first derivative of -x**3/3 - 7*x**2 - 13*x - 3. Let p be b(-13). Let d(v) = p - 1 - 2 + v - 4*v**3 + 4. Determine d(-1).
4
Let j(t) be the second derivative of -t**6/360 - t**5/30 - t**4/24 + t**3/6 - 14*t. Let a(n) be the second derivative of j(n). Let z = -13 - -9. Calculate a(z).
-1
Let i = -171 - -177. Let u(k) = -k + 11. Determine u(i).
5
Let z(u) = u**2 - 6*u - 7. Let n(f) = -f**2 + 7*f + 7. Let v(s) = 3*n(s) + 2*z(s). Give v(8).
15
Let l(q) be the first derivative of q**3/3 - q**2/2 + q + 11. Let n(x) = 2*x**2 - 4*x + 4. Let f(r) = l(r) - n(r). Let i be (-2)/1 + 12/2. Give f(i).
-7
Let t(r) be the third derivative of r**9/60480 - r**8/20160 + r**7/5040 - r**6/144 - 2*r**5/5 - 8*r**2. Let a(x) be the third derivative of t(x). Give a(0).
-5
Let y(f) = -2*f - 2. Let p be 8/((-144)/9)*4. Determine y(p).
2
Suppose 2*g - 6 = 2. Let i(z) = -z**2 + 3*z**2 - z**3 - 22*z + 3*z + 21*z + 2*z**2 - 6. What is i(g)?
2
Let g(i) = i**2 + i + 24. Let f = -113 - -113. Give g(f).
24
Let b(k) = -k**3 - 6*k**2 + 8*k + 7. Let s(g) = -5*g**3 - 30*g**2 + 40*g + 34. Let v be 4 + -2 - -1*(-3 + -1). Let m(q) = v*s(q) + 11*b(q). What is m(-7)?
2
Let z(o) = -5*o**2 + 4*o**2 - 8*o + 4*o**2 - 8 - o**3 - 10*o**2. Suppose -8 = -5*p - 38. Give z(p).
4
Let p(b) = 2*b**3 + 1 - 5*b + 3*b**2 + 3*b - 3*b**3. Let k be p(1). Let y(f) = 7*f**3 - f**2. What is y(k)?
6
Let n be 32/176 + 72/(-33). Let z(x) = -x**2 + 2*x - 1. Calculate z(n).
-9
Let f(a) = -4*a + 12. Let t(g) = 11*g - 35. Let y(j) = 8*f(j) + 3*t(j). Calculate y(8).
-1
Suppose 0 = 2*a - 6*a. Suppose 8*t = 18*t - 60. Let g(h) = 3*h**2 - t - 2*h**2 - 90*h + 90*h. Calculate g(a).
-6
Suppose -3*t = 5*k + 30, 3*k + 3*t = 5*t - 18. Let j(x) = 5*x - 1. Let y(z) = -6*z + 2. Let g(c) = k*j(c) - 4*y(c). Calculate g(-2).
10
Let p(q) = 2*q + 13. Let z = 36 - 41. Let g be p(z). Let y(o) = 5*o**g + 0*o**3 + 6*o - 6*o**3 - 4*o**2. What is y(-5)?
-5
Suppose -h = 3*t - 9, t + 0 = -5*h + 3. Let m = 4 - 2. Let c(z) = 4 + 3*z + 5*z**2 + 3*z**3 + z - m*z**t. What is c(-3)?
10
Let b(t) = -9*t**3 - 2*t**2 - t. Let i be (-5*(4 + -3))/(-1). Suppose 0 = -r - 4*r - i. Determine b(r).
8
Let z(d) = 4*d + 1 - 3 + 2*d + 10*d. What is z(-2)?
-34
Suppose 3*g - 2*g = 10. Let k(r) = -4*r + g*r + 6 + 2*r - r**3 - 4*r - 3*r**2. Give k(-4).
6
Let n = 1 + 5. Suppose 0 = -0*j + j - 5*j. Let y(g) = 1 + j + 5*g - 6*g + 0. Determine y(n).
-5
Let k(s) = 27*s**2 + 315 - 28*s**2 - 3*s - 314. Determine k(-4).
-3
Suppose -4*s + 4*c = 0, 0 = c + c - 4. Let l(v) = -v**2 + 0*v**s + 3*v + 5*v. Determine l(8).
0
Let y(g) = -2*g + 3. Let s(h) = h - 4. Let f(l) = -3*s(l) - 2*y(l). Let r = 289 - 289. Calculate f(r).
6
Suppose 11*o - 10*o - 4 = 0. Let d(x) = 11*x - o + x**3 - 8*x - x**2 - 6*x. What is d(3)?
5
Let a(t) = -9*t + 11. Let f(w) be the second derivative of -2*w**3/3 + 3*w**2 - 13*w. Let q(k) = -3*a(k) + 7*f(k). What is q(4)?
5
Let v(d) = -2*d**2 - 2*d - 5. Suppose 26*o + 37 = -15. What is v(o)?
-9
Let a(z) = z**3 - 2*z**2 - z + 1. Let w(d) = -d - 19. Let x be w(-11). Let o(u) = -2*u - 14. Let f be o(x). Determine a(f).
-1
Let o(c) be the third derivative of -c**5/60 - 5*c**4/24 + c**3/6 + 9*c**2. Suppose 5*x + 2*z + 22 = -8, 5*x + 10 = 2*z. Calculate o(x).
5
Let b(m) be the first derivative of -m**3/3 + 2*